{"id":40,"date":"2013-06-07T11:00:28","date_gmt":"2013-06-07T11:00:28","guid":{"rendered":"http:\/\/demo.woothemes.com\/woocommerce\/?post_type=product&#038;p=40"},"modified":"2025-03-01T13:48:56","modified_gmt":"2025-03-01T16:48:56","slug":"lentes-inteligentes-con-asistentes-de-voz","status":"publish","type":"product","link":"https:\/\/interoceanica.com.bo\/index.php\/producto\/lentes-inteligentes-con-asistentes-de-voz\/","title":{"rendered":"Lentes Inteligentes con Asistentes de Voz"},"content":{"rendered":"<p>Lentes Inteligentes con Asistentes de Voz y Dise\u00f1o de Oreja Abierta Permiten a los Usuarios Disfrutar de M\u00fasica y Realizar Llamadas Mientras Ofrecen Protecci\u00f3n UV para Hombres y Mujeres. Incluye Altavoces Integrados para Reproducci\u00f3n de M\u00fasica y Llamadas Manos Libres, Junto con Soporte de Asistentes de Voz y Tacto.<\/p>\n","protected":false},"excerpt":{"rendered":"<p>Detalles del producto<\/p>\n<p>Estilo: Deportivo<br \/>\nMaterial del marco: TR<br \/>\nMaterial de la lente: TAC<br \/>\nFunci\u00f3n &#8230; <\/p>\n","protected":false},"featured_media":2345,"comment_status":"open","ping_status":"closed","template":"","meta":[],"product_brand":[81,86],"product_cat":[62,46],"product_tag":[],"class_list":{"0":"post-40","1":"product","2":"type-product","3":"status-publish","4":"has-post-thumbnail","6":"product_brand-lentes","7":"product_brand-vestuario","8":"product_cat-tecnologia-inteligente","9":"product_cat-vestuario","11":"first","12":"instock","13":"shipping-taxable","14":"product-type-simple"},"_links":{"self":[{"href":"https:\/\/interoceanica.com.bo\/index.php\/wp-json\/wp\/v2\/product\/40","targetHints":{"allow":["GET"]}}],"collection":[{"href":"https:\/\/interoceanica.com.bo\/index.php\/wp-json\/wp\/v2\/product"}],"about":[{"href":"https:\/\/interoceanica.com.bo\/index.php\/wp-json\/wp\/v2\/types\/product"}],"replies":[{"embeddable":true,"href":"https:\/\/interoceanica.com.bo\/index.php\/wp-json\/wp\/v2\/comments?post=40"}],"wp:featuredmedia":[{"embeddable":true,"href":"https:\/\/interoceanica.com.bo\/index.php\/wp-json\/wp\/v2\/media\/2345"}],"wp:attachment":[{"href":"https:\/\/interoceanica.com.bo\/index.php\/wp-json\/wp\/v2\/media?parent=40"}],"wp:term":[{"taxonomy":"product_brand","embeddable":true,"href":"https:\/\/interoceanica.com.bo\/index.php\/wp-json\/wp\/v2\/product_brand?post=40"},{"taxonomy":"product_cat","embeddable":true,"href":"https:\/\/interoceanica.com.bo\/index.php\/wp-json\/wp\/v2\/product_cat?post=40"},{"taxonomy":"product_tag","embeddable":true,"href":"https:\/\/interoceanica.com.bo\/index.php\/wp-json\/wp\/v2\/product_tag?post=40"}],"curies":[{"name":"wp","href":"https:\/\/api.w.org\/{rel}","templated":true}]}}