{"id":3225,"date":"2025-03-04T18:03:32","date_gmt":"2025-03-04T21:03:32","guid":{"rendered":"https:\/\/interoceanica.com.bo\/?post_type=product&#038;p=3225"},"modified":"2025-03-04T18:23:34","modified_gmt":"2025-03-04T21:23:34","slug":"camara-seguridad-con-ptz","status":"publish","type":"product","link":"https:\/\/interoceanica.com.bo\/index.php\/producto\/camara-seguridad-con-ptz\/","title":{"rendered":"C\u00e1mara Seguridad con PTZ"},"content":{"rendered":"<p>C\u00e1mara de Seguridad Inal\u00e1mbrica JOOAN de 3MP con PTZ Panor\u00e1mico, Visi\u00f3n Nocturna a Color y Audio Bidireccional &#8211; Dise\u00f1o de Bombilla con Detecci\u00f3n de Movimiento.<\/p>\n","protected":false},"excerpt":{"rendered":"<div class=\"_2R_25RK2\">\n<h2 class=\"FSPfUoK9\">Detalles del producto<\/h2>\n<\/div>\n<div class=\"B_OB3uj0\">\n<div>\n<div class=\"_1YBVObhm\">Modo de control:\u00a0Con aplicaci\u00f3n<\/div>\n<div class=\"_1YBVObhm\">Tecnolog\u00eda &#8230; <\/p>\n","protected":false},"featured_media":3231,"comment_status":"open","ping_status":"closed","template":"","meta":[],"product_brand":[80,81,83,85],"product_cat":[65,51,61,49,64,62],"product_tag":[],"class_list":{"0":"post-3225","1":"product","2":"type-product","3":"status-publish","4":"has-post-thumbnail","6":"product_brand-electricos","7":"product_brand-lentes","8":"product_brand-seguridad","9":"product_brand-tecnologias","10":"product_cat-accesorios-varios","11":"product_cat-herramientas","12":"product_cat-lentes","13":"product_cat-peluqueria","14":"product_cat-sistemas-de-seguridad","15":"product_cat-tecnologia-inteligente","17":"first","18":"instock","19":"featured","20":"shipping-taxable","21":"product-type-simple"},"_links":{"self":[{"href":"https:\/\/interoceanica.com.bo\/index.php\/wp-json\/wp\/v2\/product\/3225","targetHints":{"allow":["GET"]}}],"collection":[{"href":"https:\/\/interoceanica.com.bo\/index.php\/wp-json\/wp\/v2\/product"}],"about":[{"href":"https:\/\/interoceanica.com.bo\/index.php\/wp-json\/wp\/v2\/types\/product"}],"replies":[{"embeddable":true,"href":"https:\/\/interoceanica.com.bo\/index.php\/wp-json\/wp\/v2\/comments?post=3225"}],"wp:featuredmedia":[{"embeddable":true,"href":"https:\/\/interoceanica.com.bo\/index.php\/wp-json\/wp\/v2\/media\/3231"}],"wp:attachment":[{"href":"https:\/\/interoceanica.com.bo\/index.php\/wp-json\/wp\/v2\/media?parent=3225"}],"wp:term":[{"taxonomy":"product_brand","embeddable":true,"href":"https:\/\/interoceanica.com.bo\/index.php\/wp-json\/wp\/v2\/product_brand?post=3225"},{"taxonomy":"product_cat","embeddable":true,"href":"https:\/\/interoceanica.com.bo\/index.php\/wp-json\/wp\/v2\/product_cat?post=3225"},{"taxonomy":"product_tag","embeddable":true,"href":"https:\/\/interoceanica.com.bo\/index.php\/wp-json\/wp\/v2\/product_tag?post=3225"}],"curies":[{"name":"wp","href":"https:\/\/api.w.org\/{rel}","templated":true}]}}