{"id":3211,"date":"2025-03-04T17:06:46","date_gmt":"2025-03-04T20:06:46","guid":{"rendered":"https:\/\/interoceanica.com.bo\/?post_type=product&#038;p=3211"},"modified":"2025-03-04T18:03:14","modified_gmt":"2025-03-04T21:03:14","slug":"camara-de-vigilancia-portatil","status":"publish","type":"product","link":"https:\/\/interoceanica.com.bo\/index.php\/producto\/camara-de-vigilancia-portatil\/","title":{"rendered":"C\u00e1mara de Vigilancia Port\u00e1til"},"content":{"rendered":"<p>Nueva C\u00e1mara de Vigilancia Port\u00e1til, C\u00e1mara de Seguridad Mini WiFi Inal\u00e1mbrica con Visi\u00f3n Nocturna, Detecci\u00f3n de Movimiento, Bater\u00eda Recargable, Instalaci\u00f3n F\u00e1cil, C\u00e1mara Magn\u00e9tica de 480P<\/p>\n","protected":false},"excerpt":{"rendered":"<div class=\"_2R_25RK2\">\n<h2 class=\"FSPfUoK9\">Detalles del producto<\/h2>\n<\/div>\n<div class=\"B_OB3uj0\">\n<div>\n<div class=\"_1YBVObhm\">Modo de alimentaci\u00f3n:\u00a0Alimentado por bater\u00eda\/USB &#8230; <\/p>\n","protected":false},"featured_media":3213,"comment_status":"open","ping_status":"closed","template":"","meta":[],"product_brand":[],"product_cat":[65,64,62],"product_tag":[],"class_list":{"0":"post-3211","1":"product","2":"type-product","3":"status-publish","4":"has-post-thumbnail","6":"product_cat-accesorios-varios","7":"product_cat-sistemas-de-seguridad","8":"product_cat-tecnologia-inteligente","10":"first","11":"instock","12":"featured","13":"shipping-taxable","14":"product-type-simple"},"_links":{"self":[{"href":"https:\/\/interoceanica.com.bo\/index.php\/wp-json\/wp\/v2\/product\/3211","targetHints":{"allow":["GET"]}}],"collection":[{"href":"https:\/\/interoceanica.com.bo\/index.php\/wp-json\/wp\/v2\/product"}],"about":[{"href":"https:\/\/interoceanica.com.bo\/index.php\/wp-json\/wp\/v2\/types\/product"}],"replies":[{"embeddable":true,"href":"https:\/\/interoceanica.com.bo\/index.php\/wp-json\/wp\/v2\/comments?post=3211"}],"wp:featuredmedia":[{"embeddable":true,"href":"https:\/\/interoceanica.com.bo\/index.php\/wp-json\/wp\/v2\/media\/3213"}],"wp:attachment":[{"href":"https:\/\/interoceanica.com.bo\/index.php\/wp-json\/wp\/v2\/media?parent=3211"}],"wp:term":[{"taxonomy":"product_brand","embeddable":true,"href":"https:\/\/interoceanica.com.bo\/index.php\/wp-json\/wp\/v2\/product_brand?post=3211"},{"taxonomy":"product_cat","embeddable":true,"href":"https:\/\/interoceanica.com.bo\/index.php\/wp-json\/wp\/v2\/product_cat?post=3211"},{"taxonomy":"product_tag","embeddable":true,"href":"https:\/\/interoceanica.com.bo\/index.php\/wp-json\/wp\/v2\/product_tag?post=3211"}],"curies":[{"name":"wp","href":"https:\/\/api.w.org\/{rel}","templated":true}]}}