{"id":3136,"date":"2025-03-03T22:56:10","date_gmt":"2025-03-04T01:56:10","guid":{"rendered":"https:\/\/interoceanica.com.bo\/?post_type=product&#038;p=3136"},"modified":"2025-04-07T12:21:47","modified_gmt":"2025-04-07T15:21:47","slug":"10-bragas-de-mujer-de-forma-de-concha","status":"publish","type":"product","link":"https:\/\/interoceanica.com.bo\/index.php\/producto\/10-bragas-de-mujer-de-forma-de-concha\/","title":{"rendered":"10 bragas de mujer de forma de concha"},"content":{"rendered":"<p>Un conjunto de 10 nuevas bragas de mujer de forma de concha sin costuras, con un dise\u00f1o de una pieza que es ultra c\u00f3modo, transpirable y muy el\u00e1stico. Esta versi\u00f3n actualizada de las bragas triangulares lisas viene en colores de oto\u00f1o e invierno de moda, incluyendo estampado de leopardo y colores s\u00f3lidos, adecuadas para usar todos los d\u00edas durante las estaciones.<\/p>\n","protected":false},"excerpt":{"rendered":"<div class=\"_2R_25RK2\">\n<h2 class=\"FSPfUoK9\">Detalles del producto<\/h2>\n<\/div>\n<div class=\"B_OB3uj0\">\n<div>\n<div class=\"_1YBVObhm\">Composici\u00f3n:\u00a075% Nailon, 25% Elastano<\/div>\n<div class=\"_1YBVObhm\">Material:\u00a0Nailon<\/div>\n<div ...  \n\n","protected":false},"featured_media":3138,"comment_status":"open","ping_status":"closed","template":"","meta":[],"product_brand":[81,86],"product_cat":[65,49,46],"product_tag":[],"class_list":{"0":"post-3136","1":"product","2":"type-product","3":"status-publish","4":"has-post-thumbnail","6":"product_brand-lentes","7":"product_brand-vestuario","8":"product_cat-accesorios-varios","9":"product_cat-peluqueria","10":"product_cat-vestuario","12":"first","13":"instock","14":"featured","15":"shipping-taxable","16":"product-type-simple"},"_links":{"self":[{"href":"https:\/\/interoceanica.com.bo\/index.php\/wp-json\/wp\/v2\/product\/3136","targetHints":{"allow":["GET"]}}],"collection":[{"href":"https:\/\/interoceanica.com.bo\/index.php\/wp-json\/wp\/v2\/product"}],"about":[{"href":"https:\/\/interoceanica.com.bo\/index.php\/wp-json\/wp\/v2\/types\/product"}],"replies":[{"embeddable":true,"href":"https:\/\/interoceanica.com.bo\/index.php\/wp-json\/wp\/v2\/comments?post=3136"}],"wp:featuredmedia":[{"embeddable":true,"href":"https:\/\/interoceanica.com.bo\/index.php\/wp-json\/wp\/v2\/media\/3138"}],"wp:attachment":[{"href":"https:\/\/interoceanica.com.bo\/index.php\/wp-json\/wp\/v2\/media?parent=3136"}],"wp:term":[{"taxonomy":"product_brand","embeddable":true,"href":"https:\/\/interoceanica.com.bo\/index.php\/wp-json\/wp\/v2\/product_brand?post=3136"},{"taxonomy":"product_cat","embeddable":true,"href":"https:\/\/interoceanica.com.bo\/index.php\/wp-json\/wp\/v2\/product_cat?post=3136"},{"taxonomy":"product_tag","embeddable":true,"href":"https:\/\/interoceanica.com.bo\/index.php\/wp-json\/wp\/v2\/product_tag?post=3136"}],"curies":[{"name":"wp","href":"https:\/\/api.w.org\/{rel}","templated":true}]}}