{"id":3129,"date":"2025-03-03T22:30:04","date_gmt":"2025-03-04T01:30:04","guid":{"rendered":"https:\/\/interoceanica.com.bo\/?post_type=product&#038;p=3129"},"modified":"2025-03-03T22:55:05","modified_gmt":"2025-03-04T01:55:05","slug":"babydoll-rosa-sensual-encaje-y-tanga","status":"publish","type":"product","link":"https:\/\/interoceanica.com.bo\/index.php\/producto\/babydoll-rosa-sensual-encaje-y-tanga\/","title":{"rendered":"Babydoll Rosa Sensual Encaje y Tanga"},"content":{"rendered":"<p>Vestido Babydoll Rosa Sensual con Encaje y Tanga a Juego | Mezcla Semi-Transparente de Poli\u00e9ster y Elastano | Tirantes Ajustables, Detalle de Lazo | Dise\u00f1o Floral Elegante | Incluye Tanga de Regalo | Perfecto para Noches Rom\u00e1nticas<\/p>\n","protected":false},"excerpt":{"rendered":"<div class=\"_2R_25RK2\">\n<h2 class=\"FSPfUoK9\">Detalles del producto<\/h2>\n<\/div>\n<div class=\"B_OB3uj0\">\n<div>\n<div class=\"_1YBVObhm\">Composici\u00f3n:\u00a095% Poli\u00e9ster, 5% Elastano<\/div>\n<div class=\"_1YBVObhm\">Material:\u00a0Poli\u00e9ster<\/div>\n<div ...  \n\n","protected":false},"featured_media":3135,"comment_status":"open","ping_status":"closed","template":"","meta":[],"product_brand":[81,86],"product_cat":[61,46],"product_tag":[],"class_list":{"0":"post-3129","1":"product","2":"type-product","3":"status-publish","4":"has-post-thumbnail","6":"product_brand-lentes","7":"product_brand-vestuario","8":"product_cat-lentes","9":"product_cat-vestuario","11":"first","12":"instock","13":"featured","14":"shipping-taxable","15":"product-type-simple"},"_links":{"self":[{"href":"https:\/\/interoceanica.com.bo\/index.php\/wp-json\/wp\/v2\/product\/3129","targetHints":{"allow":["GET"]}}],"collection":[{"href":"https:\/\/interoceanica.com.bo\/index.php\/wp-json\/wp\/v2\/product"}],"about":[{"href":"https:\/\/interoceanica.com.bo\/index.php\/wp-json\/wp\/v2\/types\/product"}],"replies":[{"embeddable":true,"href":"https:\/\/interoceanica.com.bo\/index.php\/wp-json\/wp\/v2\/comments?post=3129"}],"wp:featuredmedia":[{"embeddable":true,"href":"https:\/\/interoceanica.com.bo\/index.php\/wp-json\/wp\/v2\/media\/3135"}],"wp:attachment":[{"href":"https:\/\/interoceanica.com.bo\/index.php\/wp-json\/wp\/v2\/media?parent=3129"}],"wp:term":[{"taxonomy":"product_brand","embeddable":true,"href":"https:\/\/interoceanica.com.bo\/index.php\/wp-json\/wp\/v2\/product_brand?post=3129"},{"taxonomy":"product_cat","embeddable":true,"href":"https:\/\/interoceanica.com.bo\/index.php\/wp-json\/wp\/v2\/product_cat?post=3129"},{"taxonomy":"product_tag","embeddable":true,"href":"https:\/\/interoceanica.com.bo\/index.php\/wp-json\/wp\/v2\/product_tag?post=3129"}],"curies":[{"name":"wp","href":"https:\/\/api.w.org\/{rel}","templated":true}]}}