{"id":2998,"date":"2025-03-01T12:11:35","date_gmt":"2025-03-01T15:11:35","guid":{"rendered":"https:\/\/interoceanica.com.bo\/?post_type=product&#038;p=2998"},"modified":"2025-03-04T00:04:25","modified_gmt":"2025-03-04T03:04:25","slug":"maquina-de-soldadura-de-tanques","status":"publish","type":"product","link":"https:\/\/interoceanica.com.bo\/index.php\/producto\/maquina-de-soldadura-de-tanques\/","title":{"rendered":"M\u00e1quina de soldadura de tanques"},"content":{"rendered":"<p>M\u00e1quina de soldadura de tanques de almacenamiento de petr\u00f3leo y gas para la construcci\u00f3n de tanques (EGW \/ AGW)<\/p>\n","protected":false},"excerpt":{"rendered":"<p><img fetchpriority=\"high\" decoding=\"async\" class=\"alignnone wp-image-3008 size-large\" src=\"https:\/\/interoceanica.com.bo\/wp-content\/uploads\/2025\/03\/mec-maqsol-10-1024x412.webp\" alt=\"\" width=\"1024\" height=\"412\" srcset=\"https:\/\/interoceanica.com.bo\/wp-content\/uploads\/2025\/03\/mec-maqsol-10-1024x412.webp 1024w, https:\/\/interoceanica.com.bo\/wp-content\/uploads\/2025\/03\/mec-maqsol-10-300x121.webp 300w, https:\/\/interoceanica.com.bo\/wp-content\/uploads\/2025\/03\/mec-maqsol-10-768x309.webp 768w, https:\/\/interoceanica.com.bo\/wp-content\/uploads\/2025\/03\/mec-maqsol-10-600x242.webp 600w, https:\/\/interoceanica.com.bo\/wp-content\/uploads\/2025\/03\/mec-maqsol-10-1000x403.webp 1000w, https:\/\/interoceanica.com.bo\/wp-content\/uploads\/2025\/03\/mec-maqsol-10.webp 1093w\" sizes=\"(max-width: 1024px) 100vw, 1024px\" \/> &#8230; <\/p>\n","protected":false},"featured_media":3159,"comment_status":"open","ping_status":"closed","template":"","meta":[],"product_brand":[80,85],"product_cat":[51,64,62],"product_tag":[],"class_list":{"0":"post-2998","1":"product","2":"type-product","3":"status-publish","4":"has-post-thumbnail","6":"product_brand-electricos","7":"product_brand-tecnologias","8":"product_cat-herramientas","9":"product_cat-sistemas-de-seguridad","10":"product_cat-tecnologia-inteligente","12":"first","13":"instock","14":"featured","15":"shipping-taxable","16":"product-type-simple"},"_links":{"self":[{"href":"https:\/\/interoceanica.com.bo\/index.php\/wp-json\/wp\/v2\/product\/2998","targetHints":{"allow":["GET"]}}],"collection":[{"href":"https:\/\/interoceanica.com.bo\/index.php\/wp-json\/wp\/v2\/product"}],"about":[{"href":"https:\/\/interoceanica.com.bo\/index.php\/wp-json\/wp\/v2\/types\/product"}],"replies":[{"embeddable":true,"href":"https:\/\/interoceanica.com.bo\/index.php\/wp-json\/wp\/v2\/comments?post=2998"}],"wp:featuredmedia":[{"embeddable":true,"href":"https:\/\/interoceanica.com.bo\/index.php\/wp-json\/wp\/v2\/media\/3159"}],"wp:attachment":[{"href":"https:\/\/interoceanica.com.bo\/index.php\/wp-json\/wp\/v2\/media?parent=2998"}],"wp:term":[{"taxonomy":"product_brand","embeddable":true,"href":"https:\/\/interoceanica.com.bo\/index.php\/wp-json\/wp\/v2\/product_brand?post=2998"},{"taxonomy":"product_cat","embeddable":true,"href":"https:\/\/interoceanica.com.bo\/index.php\/wp-json\/wp\/v2\/product_cat?post=2998"},{"taxonomy":"product_tag","embeddable":true,"href":"https:\/\/interoceanica.com.bo\/index.php\/wp-json\/wp\/v2\/product_tag?post=2998"}],"curies":[{"name":"wp","href":"https:\/\/api.w.org\/{rel}","templated":true}]}}