{"id":2506,"date":"2025-02-25T15:03:43","date_gmt":"2025-02-25T18:03:43","guid":{"rendered":"https:\/\/interoceanica.com.bo\/?post_type=product&#038;p=2506"},"modified":"2025-03-01T13:45:16","modified_gmt":"2025-03-01T16:45:16","slug":"gafas-de-audio-con-tecnologia-inteligente","status":"publish","type":"product","link":"https:\/\/interoceanica.com.bo\/index.php\/producto\/gafas-de-audio-con-tecnologia-inteligente\/","title":{"rendered":"Gafas de audio con tecnolog\u00eda inteligente"},"content":{"rendered":"<p><span class=\"_25g_jM0z\">Gafas de audio con tecnolog\u00eda inteligente, con lentes polarizados y altavoces integrados. Estas gafas de m\u00fasica inal\u00e1mbricas est\u00e1n dise\u00f1adas para deportes, ofreciendo larga duraci\u00f3n de bater\u00eda, capacidad de recarga y controles t\u00e1ctiles. Ideales para hombres, brindan protecci\u00f3n UV para actividades como conducir, correr y pescar.<\/span><\/p>\n","protected":false},"excerpt":{"rendered":"<p><strong>Detalles del producto<\/strong><\/p>\n<p>Estilo: Deportivo<br \/>\nMaterial del marco: PC (policarbonato)<br \/>\nMaterial de la lente: &#8230; <\/p>\n","protected":false},"featured_media":2545,"comment_status":"open","ping_status":"closed","template":"","meta":[],"product_brand":[81],"product_cat":[61,46],"product_tag":[],"class_list":{"0":"post-2506","1":"product","2":"type-product","3":"status-publish","4":"has-post-thumbnail","6":"product_brand-lentes","7":"product_cat-lentes","8":"product_cat-vestuario","10":"first","11":"instock","12":"shipping-taxable","13":"product-type-simple"},"_links":{"self":[{"href":"https:\/\/interoceanica.com.bo\/index.php\/wp-json\/wp\/v2\/product\/2506","targetHints":{"allow":["GET"]}}],"collection":[{"href":"https:\/\/interoceanica.com.bo\/index.php\/wp-json\/wp\/v2\/product"}],"about":[{"href":"https:\/\/interoceanica.com.bo\/index.php\/wp-json\/wp\/v2\/types\/product"}],"replies":[{"embeddable":true,"href":"https:\/\/interoceanica.com.bo\/index.php\/wp-json\/wp\/v2\/comments?post=2506"}],"wp:featuredmedia":[{"embeddable":true,"href":"https:\/\/interoceanica.com.bo\/index.php\/wp-json\/wp\/v2\/media\/2545"}],"wp:attachment":[{"href":"https:\/\/interoceanica.com.bo\/index.php\/wp-json\/wp\/v2\/media?parent=2506"}],"wp:term":[{"taxonomy":"product_brand","embeddable":true,"href":"https:\/\/interoceanica.com.bo\/index.php\/wp-json\/wp\/v2\/product_brand?post=2506"},{"taxonomy":"product_cat","embeddable":true,"href":"https:\/\/interoceanica.com.bo\/index.php\/wp-json\/wp\/v2\/product_cat?post=2506"},{"taxonomy":"product_tag","embeddable":true,"href":"https:\/\/interoceanica.com.bo\/index.php\/wp-json\/wp\/v2\/product_tag?post=2506"}],"curies":[{"name":"wp","href":"https:\/\/api.w.org\/{rel}","templated":true}]}}