{"id":200,"date":"2013-06-07T11:05:37","date_gmt":"2013-06-07T11:05:37","guid":{"rendered":"http:\/\/demo.woothemes.com\/woocommerce\/?post_type=product&#038;p=53"},"modified":"2025-03-01T13:48:31","modified_gmt":"2025-03-01T16:48:31","slug":"gafas-3d-de-realidad-virtua","status":"publish","type":"product","link":"https:\/\/interoceanica.com.bo\/index.php\/producto\/gafas-3d-de-realidad-virtua\/","title":{"rendered":"Gafas 3D de realidad virtua"},"content":{"rendered":"<p>Un nuevo dispositivo de gafas 3D de realidad virtual VR, con lentes ajustables, dise\u00f1ado para ver pel\u00edculas en tel\u00e9fonos inteligentes, kit de gafas de realidad virtual 3D.<\/p>\n","protected":false},"excerpt":{"rendered":"<div class=\"_2R_25RK2\">\n<h2 class=\"FSPfUoK9\">Detalles del producto<\/h2>\n<div class=\"_8O63Jowt\">\n<div class=\"_2yTA5nwz\" tabindex=\"0\" role=\"button\" aria-haspopup=\"dialog\" aria-label=\"Reportar ...  \n\n","protected":false},"featured_media":2326,"comment_status":"open","ping_status":"closed","template":"","meta":[],"product_brand":[81],"product_cat":[61,46],"product_tag":[],"class_list":{"0":"post-200","1":"product","2":"type-product","3":"status-publish","4":"has-post-thumbnail","6":"product_brand-lentes","7":"product_cat-lentes","8":"product_cat-vestuario","10":"first","11":"instock","12":"shipping-taxable","13":"product-type-simple"},"_links":{"self":[{"href":"https:\/\/interoceanica.com.bo\/index.php\/wp-json\/wp\/v2\/product\/200","targetHints":{"allow":["GET"]}}],"collection":[{"href":"https:\/\/interoceanica.com.bo\/index.php\/wp-json\/wp\/v2\/product"}],"about":[{"href":"https:\/\/interoceanica.com.bo\/index.php\/wp-json\/wp\/v2\/types\/product"}],"replies":[{"embeddable":true,"href":"https:\/\/interoceanica.com.bo\/index.php\/wp-json\/wp\/v2\/comments?post=200"}],"wp:featuredmedia":[{"embeddable":true,"href":"https:\/\/interoceanica.com.bo\/index.php\/wp-json\/wp\/v2\/media\/2326"}],"wp:attachment":[{"href":"https:\/\/interoceanica.com.bo\/index.php\/wp-json\/wp\/v2\/media?parent=200"}],"wp:term":[{"taxonomy":"product_brand","embeddable":true,"href":"https:\/\/interoceanica.com.bo\/index.php\/wp-json\/wp\/v2\/product_brand?post=200"},{"taxonomy":"product_cat","embeddable":true,"href":"https:\/\/interoceanica.com.bo\/index.php\/wp-json\/wp\/v2\/product_cat?post=200"},{"taxonomy":"product_tag","embeddable":true,"href":"https:\/\/interoceanica.com.bo\/index.php\/wp-json\/wp\/v2\/product_tag?post=200"}],"curies":[{"name":"wp","href":"https:\/\/api.w.org\/{rel}","templated":true}]}}